{"id":27,"date":"2024-09-14T16:51:45","date_gmt":"2024-09-14T14:51:45","guid":{"rendered":"https:\/\/in-logistics.de\/?page_id=27"},"modified":"2024-09-24T10:48:49","modified_gmt":"2024-09-24T08:48:49","slug":"leistungen","status":"publish","type":"page","link":"https:\/\/in-logistics.de\/en\/leistungen\/","title":{"rendered":"Leistungen"},"content":{"rendered":"<div class=\"wp-block-group alignfull gutenify-section-45071c20-0451-11ee-8f66-976efd0e821b has-white-background-color has-background is-layout-constrained wp-container-core-group-is-layout-955c507f wp-block-group-is-layout-constrained\" style=\"border-style:none;border-width:0px;padding-top:100px;padding-right:30px;padding-bottom:100px;padding-left:30px\">\n<div class=\"wp-block-group alignwide gutenify-section-45067fe0-0451-11ee-8f66-976efd0e821b is-layout-constrained wp-block-group-is-layout-constrained\">\n<div class=\"wp-block-group alignwide gutenify-section-44ed5290-0451-11ee-8f66-976efd0e821b is-layout-flow wp-container-core-group-is-layout-7b216485 wp-block-group-is-layout-flow\" style=\"padding-bottom:35px\">\n<div class=\"wp-block-group animated animated-fadeInUp gutenify-section-44ec6830-0451-11ee-8f66-976efd0e821b is-content-justification-center is-nowrap is-layout-flex wp-container-core-group-is-layout-eff0ac72 wp-block-group-is-layout-flex\">\n<div class=\"wp-block-group has-no-hover-shadow-dark is-layout-constrained wp-container-core-group-is-layout-ff778368 wp-block-group-is-layout-constrained\" style=\"padding-right:var(--wp--preset--spacing--30);padding-left:var(--wp--preset--spacing--30)\">\n<p class=\"has-text-align-left has-custom-blau-color has-text-color has-normal-font-size\"><strong>Leistungs\u00fcbersicht<\/strong><\/p>\n<\/div>\n<\/div>\n\n\n\n<h2 class=\"wp-block-heading alignwide has-text-align-center has-foreground-color has-text-color has-slider-title-font-size\" style=\"line-height:1.3;text-transform:capitalize\">Was Wir Anbieten<\/h2>\n<\/div>\n\n\n\n<div class=\"wp-block-columns alignfull gutenify-section-45060ab0-0451-11ee-8f66-976efd0e821b is-layout-flex wp-container-core-columns-is-layout-28f84493 wp-block-columns-is-layout-flex\">\n<div class=\"wp-block-column is-vertically-aligned-center gutenify-section-44fd3110-0451-11ee-8f66-976efd0e821b is-layout-flow wp-block-column-is-layout-flow\">\n<div class=\"wp-block-group alignwide has-shadow-dark has-white-background-color has-background is-layout-constrained wp-container-core-group-is-layout-65023687 wp-block-group-is-layout-constrained\" style=\"border-radius:5px;padding-top:50px;padding-right:50px;padding-bottom:50px;padding-left:50px\">\n<div class=\"wp-block-group gutenify-section-44fa4ae0-0451-11ee-8f66-976efd0e821b is-layout-flow wp-block-group-is-layout-flow\" style=\"padding-bottom:15px\">\n<figure class=\"wp-block-image aligncenter size-full is-resized has-custom-border gutenify-section-44f9aea0-0451-11ee-8f66-976efd0e821b wp-duotone-blue-orange\"><img decoding=\"async\" src=\"https:\/\/in-logistics.de\/wp-content\/themes\/gutenify-logistics\/images\/icon-4.png\" alt=\"\" class=\"wp-image-5119\" style=\"border-radius:0px;width:50px;height:50px\"\/><\/figure>\n<\/div>\n\n\n\n<h3 class=\"wp-block-heading has-text-align-center gutenify-section-44fac010-0451-11ee-8f66-976efd0e821b\" style=\"margin-top:10px;margin-right:10px;margin-bottom:10px;margin-left:10px\"><a href=\"#\">Seefracht<\/a><\/h3>\n\n\n\n<p class=\"has-text-align-center gutenify-section-44fb3540-0451-11ee-8f66-976efd0e821b\">Gro\u00dfauftr\u00e4ge und Sondergr\u00f6\u00dfen.<\/p>\n\n\n\n<div class=\"wp-block-buttons gutenify-section-44fc46b0-0451-11ee-8f66-976efd0e821b is-content-justification-center is-layout-flex wp-container-core-buttons-is-layout-c7f24753 wp-block-buttons-is-layout-flex\" style=\"margin-top:20px\">\n<div class=\"wp-block-button is-style-outline gutenify-section-44fbaa70-0451-11ee-8f66-976efd0e821b is-style-outline--1\"><a class=\"wp-block-button__link has-custom-blau-color has-text-color wp-element-button\" href=\"https:\/\/in-logistics.de\/en\/seefracht\/\" style=\"padding-top:6px;padding-right:25px;padding-bottom:6px;padding-left:25px\">Mehr Erfahren<\/a><\/div>\n<\/div>\n<\/div>\n<\/div>\n\n\n\n<div class=\"wp-block-column is-vertically-aligned-center gutenify-section-450176d0-0451-11ee-8f66-976efd0e821b is-layout-flow wp-block-column-is-layout-flow\">\n<div class=\"wp-block-group alignwide has-shadow-dark has-white-background-color has-background is-layout-constrained wp-container-core-group-is-layout-d239a0bc wp-block-group-is-layout-constrained\" style=\"border-radius:0px;padding-top:50px;padding-right:50px;padding-bottom:50px;padding-left:50px\">\n<div class=\"wp-block-group gutenify-section-44fe4280-0451-11ee-8f66-976efd0e821b is-layout-flow wp-block-group-is-layout-flow\" style=\"padding-bottom:15px\">\n<figure class=\"wp-block-image aligncenter size-full is-resized has-custom-border gutenify-section-44fdcd50-0451-11ee-8f66-976efd0e821b wp-duotone-blue-orange\"><img decoding=\"async\" src=\"https:\/\/in-logistics.de\/wp-content\/themes\/gutenify-logistics\/images\/icon-5.png\" alt=\"\" class=\"wp-image-5118\" style=\"border-radius:0px;width:50px;height:50px\"\/><\/figure>\n<\/div>\n\n\n\n<h3 class=\"wp-block-heading has-text-align-center gutenify-section-44feb7b0-0451-11ee-8f66-976efd0e821b\" style=\"margin-top:10px;margin-right:10px;margin-bottom:10px;margin-left:10px\"><a href=\"#\">Luftfracht<\/a><\/h3>\n\n\n\n<p class=\"has-text-align-center gutenify-section-44ff2ce0-0451-11ee-8f66-976efd0e821b\">Schnelle und weite Lieferungen.<\/p>\n\n\n\n<div class=\"wp-block-buttons gutenify-section-45003e50-0451-11ee-8f66-976efd0e821b is-content-justification-center is-layout-flex wp-container-core-buttons-is-layout-c7f24753 wp-block-buttons-is-layout-flex\" style=\"margin-top:20px\">\n<div class=\"wp-block-button is-style-outline gutenify-section-44ffc920-0451-11ee-8f66-976efd0e821b is-style-outline--2\"><a class=\"wp-block-button__link has-custom-blau-color has-text-color wp-element-button\" href=\"https:\/\/in-logistics.de\/en\/luftfracht\/\" style=\"padding-top:6px;padding-right:25px;padding-bottom:6px;padding-left:25px\">Mehr Erfahren<\/a><\/div>\n<\/div>\n<\/div>\n<\/div>\n<\/div>\n<\/div>\n<\/div>\n\n\n\n<p><\/p>","protected":false},"excerpt":{"rendered":"<p>Leistungs\u00fcbersicht Was Wir Anbieten Seefracht Gro\u00dfauftr\u00e4ge und Sondergr\u00f6\u00dfen. Luftfracht Schnelle und weite Lieferungen.<\/p>","protected":false},"author":1,"featured_media":0,"parent":0,"menu_order":0,"comment_status":"closed","ping_status":"closed","template":"","meta":{"footnotes":""},"class_list":["post-27","page","type-page","status-publish","hentry"],"_links":{"self":[{"href":"https:\/\/in-logistics.de\/en\/wp-json\/wp\/v2\/pages\/27","targetHints":{"allow":["GET"]}}],"collection":[{"href":"https:\/\/in-logistics.de\/en\/wp-json\/wp\/v2\/pages"}],"about":[{"href":"https:\/\/in-logistics.de\/en\/wp-json\/wp\/v2\/types\/page"}],"author":[{"embeddable":true,"href":"https:\/\/in-logistics.de\/en\/wp-json\/wp\/v2\/users\/1"}],"replies":[{"embeddable":true,"href":"https:\/\/in-logistics.de\/en\/wp-json\/wp\/v2\/comments?post=27"}],"version-history":[{"count":6,"href":"https:\/\/in-logistics.de\/en\/wp-json\/wp\/v2\/pages\/27\/revisions"}],"predecessor-version":[{"id":79,"href":"https:\/\/in-logistics.de\/en\/wp-json\/wp\/v2\/pages\/27\/revisions\/79"}],"wp:attachment":[{"href":"https:\/\/in-logistics.de\/en\/wp-json\/wp\/v2\/media?parent=27"}],"curies":[{"name":"wp","href":"https:\/\/api.w.org\/{rel}","templated":true}]}}

<div class="wp-block-group alignfull gutenify-section-45071c20-0451-11ee-8f66-976efd0e821b has-white-background-color has-background is-layout-constrained wp-container-core-group-is-layout-955c507f wp-block-group-is-layout-constrained" style="border-style:none;border-width:0px;padding-top:100px;padding-right:30px;padding-bottom:100px;padding-left:30px">
<div class="wp-block-group alignwide gutenify-section-45067fe0-0451-11ee-8f66-976efd0e821b is-layout-constrained wp-block-group-is-layout-constrained">
<div class="wp-block-group alignwide gutenify-section-44ed5290-0451-11ee-8f66-976efd0e821b is-layout-flow wp-container-core-group-is-layout-7b216485 wp-block-group-is-layout-flow" style="padding-bottom:35px">
<div class="wp-block-group animated animated-fadeInUp gutenify-section-44ec6830-0451-11ee-8f66-976efd0e821b is-content-justification-center is-nowrap is-layout-flex wp-container-core-group-is-layout-eff0ac72 wp-block-group-is-layout-flex">
<div class="wp-block-group has-no-hover-shadow-dark is-layout-constrained wp-container-core-group-is-layout-ff778368 wp-block-group-is-layout-constrained" style="padding-right:var(--wp--preset--spacing--30);padding-left:var(--wp--preset--spacing--30)">
<p class="has-text-align-left has-custom-blau-color has-text-color has-normal-font-size"><strong>Leistungsübersicht</strong></p>
</div>
</div>



<h2 class="wp-block-heading alignwide has-text-align-center has-foreground-color has-text-color has-slider-title-font-size" style="line-height:1.3;text-transform:capitalize">Was Wir Anbieten</h2>
</div>



<div class="wp-block-columns alignfull gutenify-section-45060ab0-0451-11ee-8f66-976efd0e821b is-layout-flex wp-container-core-columns-is-layout-28f84493 wp-block-columns-is-layout-flex">
<div class="wp-block-column is-vertically-aligned-center gutenify-section-44fd3110-0451-11ee-8f66-976efd0e821b is-layout-flow wp-block-column-is-layout-flow">
<div class="wp-block-group alignwide has-shadow-dark has-white-background-color has-background is-layout-constrained wp-container-core-group-is-layout-65023687 wp-block-group-is-layout-constrained" style="border-radius:5px;padding-top:50px;padding-right:50px;padding-bottom:50px;padding-left:50px">
<div class="wp-block-group gutenify-section-44fa4ae0-0451-11ee-8f66-976efd0e821b is-layout-flow wp-block-group-is-layout-flow" style="padding-bottom:15px">
<figure class="wp-block-image aligncenter size-full is-resized has-custom-border gutenify-section-44f9aea0-0451-11ee-8f66-976efd0e821b wp-duotone-blue-orange"><img decoding="async" src="https://in-logistics.de/wp-content/themes/gutenify-logistics/images/icon-4.png" alt="" class="wp-image-5119" style="border-radius:0px;width:50px;height:50px"/></figure>
</div>



<h3 class="wp-block-heading has-text-align-center gutenify-section-44fac010-0451-11ee-8f66-976efd0e821b" style="margin-top:10px;margin-right:10px;margin-bottom:10px;margin-left:10px"><a href="#">Seefracht</a></h3>



<p class="has-text-align-center gutenify-section-44fb3540-0451-11ee-8f66-976efd0e821b">Großaufträge und Sondergrößen.</p>



<div class="wp-block-buttons gutenify-section-44fc46b0-0451-11ee-8f66-976efd0e821b is-content-justification-center is-layout-flex wp-container-core-buttons-is-layout-c7f24753 wp-block-buttons-is-layout-flex" style="margin-top:20px">
<div class="wp-block-button is-style-outline gutenify-section-44fbaa70-0451-11ee-8f66-976efd0e821b is-style-outline--1"><a class="wp-block-button__link has-custom-blau-color has-text-color wp-element-button" href="https://in-logistics.de/en/seefracht/" style="padding-top:6px;padding-right:25px;padding-bottom:6px;padding-left:25px">Mehr Erfahren</a></div>
</div>
</div>
</div>



<div class="wp-block-column is-vertically-aligned-center gutenify-section-450176d0-0451-11ee-8f66-976efd0e821b is-layout-flow wp-block-column-is-layout-flow">
<div class="wp-block-group alignwide has-shadow-dark has-white-background-color has-background is-layout-constrained wp-container-core-group-is-layout-d239a0bc wp-block-group-is-layout-constrained" style="border-radius:0px;padding-top:50px;padding-right:50px;padding-bottom:50px;padding-left:50px">
<div class="wp-block-group gutenify-section-44fe4280-0451-11ee-8f66-976efd0e821b is-layout-flow wp-block-group-is-layout-flow" style="padding-bottom:15px">
<figure class="wp-block-image aligncenter size-full is-resized has-custom-border gutenify-section-44fdcd50-0451-11ee-8f66-976efd0e821b wp-duotone-blue-orange"><img decoding="async" src="https://in-logistics.de/wp-content/themes/gutenify-logistics/images/icon-5.png" alt="" class="wp-image-5118" style="border-radius:0px;width:50px;height:50px"/></figure>
</div>



<h3 class="wp-block-heading has-text-align-center gutenify-section-44feb7b0-0451-11ee-8f66-976efd0e821b" style="margin-top:10px;margin-right:10px;margin-bottom:10px;margin-left:10px"><a href="#">Luftfracht</a></h3>



<p class="has-text-align-center gutenify-section-44ff2ce0-0451-11ee-8f66-976efd0e821b">Schnelle und weite Lieferungen.</p>



<div class="wp-block-buttons gutenify-section-45003e50-0451-11ee-8f66-976efd0e821b is-content-justification-center is-layout-flex wp-container-core-buttons-is-layout-c7f24753 wp-block-buttons-is-layout-flex" style="margin-top:20px">
<div class="wp-block-button is-style-outline gutenify-section-44ffc920-0451-11ee-8f66-976efd0e821b is-style-outline--2"><a class="wp-block-button__link has-custom-blau-color has-text-color wp-element-button" href="https://in-logistics.de/en/luftfracht/" style="padding-top:6px;padding-right:25px;padding-bottom:6px;padding-left:25px">Mehr Erfahren</a></div>
</div>
</div>
</div>
</div>
</div>
</div>



<p></p>

<p>Leistungsübersicht Was Wir Anbieten Seefracht Großaufträge und Sondergrößen. Luftfracht Schnelle und weite Lieferungen.</p>
